actors of q?
2, 3
Suppose 4*v + 44 = 2*d + 294, -5 = 5*d. What are the prime factors of v?
2, 31
Suppose v - 16 - 3 = 0. What are the prime factors of v?
19
What are the prime factors of 10 - 3/(0 + 1)?
7
Let t(f) = -f**2 - 7*f + 5. Let s = -4 + -1. List the prime factors of t(s).
3, 5
Suppose 3*k - 18 = -6. Suppose 4*h = -b + 4, k*h + 0*b - 12 = -3*b. List the prime factors of h + 2 - (0 - 2).
2
Suppose 2*x = 2 + 2. Suppose -x*s - 7 + 21 = 0. What are the prime factors of s?
7
Suppose 2*r + 285 = 5*z, 0 = 2*z + 2*r + 2*r - 138. What are the prime factors of z?
59
Let v = 2 - -34. Suppose -2*c - 2*c = -v. Suppose 18 = c*t - 7*t. List the prime factors of t.
3
Suppose 11*s = 16*s - 30. Let o = 0 - 0. Suppose -s = -y - o*y. List the prime factors of y.
2, 3
Suppose 4*i - 68 = 96. List the prime factors of i.
41
Let f(c) = -c + 10. Let n be f(13). What are the prime factors of (14/n)/((-2)/12)?
2, 7
Suppose 3*l + 0*l + 3*k = 180, -4*k = l - 57. List the prime factors of l.
61
Let l(h) = -11*h**2 + 38*h + 8. Let o(q) = 4*q**2 - 13*q - 3. Let p(z) = -3*l(z) - 8*o(z). Let f be p(10). List the prime factors of (f + 3)/((-15)/(-40)).
2
Let j(p) = -p + 10. Let b be j(7). Suppose -b*h + 2*q = -7, -h - 11 = -4*q - 0. Suppose s + f = 12, -2*f + 0*f + 54 = h*s. What are the prime factors of s?
2, 5
Let h(c) = c**2 - c + 2. Let p be h(0). Suppose -4*o = p*f - 136, o = -0*f + f + 31. What are the prime factors of o?
3, 11
Suppose 4*f + 0*f - v - 709 = 0, 2*v = 5*f - 887. List the prime factors of f.
3, 59
Let v(y) = -y**3 - y**2 + 10. Let w be v(0). List the prime factors of 62/5 - 4/w.
2, 3
List the prime factors of 2/(-3) - 958/(-6).
3, 53
Suppose -4*z + 10 = -14. Suppose z = m - 15. What are the prime factors of m?
3, 7
List the prime factors of (327/(-4) + 0)*672/(-252).
2, 109
Let f = 51 - 28. List the prime factors of f/2 + 2/(-4).
11
Let n(c) = c**3 + 8*c**2 - 8*c - 6. Let o be n(-7). Suppose w = 0, 0*w = 3*p - w - o. List the prime factors of p.
3, 11
Let g(n) = n + 8. Let f be g(-6). Suppose 9*r - 222 = 6*r. Suppose -4*j + 66 = -t, -4*j + 7*t = f*t - r. What are the prime factors of j?
2
Let l = -15 + 22. Suppose 0 = -5*s + 4*k + 18, 3 = -2*s - 3*k + 1. Suppose 0 = s*h - 1 - l. What are the prime factors of h?
2
Suppose 5*o + 140 = 2*k, 4*o - 2*o = 4*k - 296. List the prime factors of k.
3, 5
Let r(y) = 4*y**2 - 2*y. Let z be r(-4). Let k = 103 - z. What are the prime factors of k?
31
Suppose 5*f - 5*s = -25, -5*f - 2*s - 17 - 1 = 0. List the prime factors of 9/(-12)*1*f.
3
Suppose 0*j - 5*j = 15. Let d = 0 - j. List the prime factors of d.
3
Let m = -90 + 272. What are the prime factors of m?
2, 7, 13
Suppose -3*i + 257 = -40. List the prime factors of i.
3, 11
Suppose 445 = 4*u - 4*n - n, u - 90 = -3*n. Suppose -c = 0, 4*v - 4*c = 111 + u. List the prime factors of v.
2, 3
List the prime factors of 20 + (-4 - 1*-8).
2, 3
Suppose -q + u + 6 = -5, -3*q = -5*u - 43. List the prime factors of (-3)/q*-19*2.
19
Let u = 65 + -122. Let h = 82 + u. List the prime factors of h.
5
Let s = 9 - 6. Suppose -2*i - s*i = 10. What are the prime factors of 6 + 0/(-1 + i)?
2, 3
Let l(f) = f**3 - 7*f**2 + 10. Suppose -x + 4*x - 21 = 0. What are the prime factors of l(x)?
2, 5
Let j = 42 - 10. What are the prime factors of j?
2
Let g(y) be the first derivative of -y**2/2 + 3*y + 3. Let p be g(-4). List the prime factors of (-2)/p + (-92)/(-28).
3
List the prime factors of (-5)/4*(18 + -138).
2, 3, 5
List the prime factors of (8/(8/4))/2.
2
Let j(m) = m - 8. Let g be j(12). Suppose -x - g*x + 245 = 0. List the prime factors of x.
7
Let y = 39 - 27. List the prime factors of y.
2, 3
Suppose -2*o - 3*o + 10 = 0. What are the prime factors of o?
2
What are the prime factors of (-282)/4*20/(-30)?
47
Suppose 3*y + y = 4*g, 2*y - 4*g + 6 = 0. Suppose 0 = -4*o - q + 62, -o + y*q = -2*q - 26. What are the prime factors of o?
2
Let x = -6 + 9. Suppose 3*i + x = 9. Suppose -l - t + 10 = 0, -i*t + 43 - 13 = 3*l. List the prime factors of l.
2, 5
Let j = 83 - 60. What are the prime factors of j?
23
Suppose 11 + 1 = 2*h. Let r(a) = -a**2 + 9*a. List the prime factors of r(h).
2, 3
Suppose 6*i = 590 + 1000. List the prime factors of i.
5, 53
Suppose 2*z + j = 8, -3*z + z = -2*j - 8. Suppose 4*p = 2*p - z. List the prime factors of (-4 - -17) + p/(-2).
2, 7
Let i = 3 - 1. What are the prime factors of (i/6)/((-5)/(-120))?
2
Let w(a) = -a**3 + 6*a**2 - a + 3. Let p be w(6). Let i = p + 6. Suppose -27 = -6*q + i*q. What are the prime factors of q?
3
Let n = -81 - -114. List the prime factors of n.
3, 11
Let a(q) = q**3 + 22*q**2 - 11*q - 23. What are the prime factors of a(-22)?
3, 73
Let a = -45 + 98. List the prime factors of a.
53
Let f(g) = 3*g**2 - 4*g + 3. Let q = -17 + 19. List the prime factors of f(q).
7
Let z be (-2)/(-2)*(-1)/1. Suppose 4*y - 11 = 25. List the prime factors of z + y/1 + -1.
7
Suppose 2*a = 202 + 130. List the prime factors of a.
2, 83
Let k(d) = 2*d**2 + 4*d + 3. Let h(j) = j**3 + 5*j**2 + 2*j - 1. Let r be h(-4). Suppose 3*t - r*t = 8. What are the prime factors of k(t)?
3
Let j = -14 + 6. Let a = j + 4. Let u = 2 - a. What are the prime factors of u?
2, 3
Suppose -2*l - 4*d - 4 = 0, -5 = 2*l + 3*d - 0*d. What are the prime factors of 46/5 - l/(-20)?
3
Let w be (15/(-5))/((-1)/1). Suppose -4*s + w*s - 1 = 0. What are the prime factors of 2 - (s - 2) - -1?
2, 3
Let o = 0 - -14. Suppose k - 29 = 3*u - 3*k, 0 = -3*u + 2*k - 19. Let t = o + u. What are the prime factors of t?
11
Let c be -2 + ((-36)/2)/(-3). Suppose -2*d - 2*b = -d - 27, c*d - 73 = -b. What are the prime factors of d?
17
Let v = 15 - -5. List the prime factors of v.
2, 5
Let o(l) = -4*l + 37. Let g = 4 + -6. Let v(c) = c - 9. Let k(i) = g*o(i) - 9*v(i). List the prime factors of k(5).
2
Let o = -8 - -15. Suppose l + 3 = -o. List the prime factors of (-50)/(-4)*(-8)/l.
2, 5
Let h(p) = p**2 - 6*p + 5. Let z be h(5). Suppose -2*q - o + 2*o = -28, -2*o + 4 = z. List the prime factors of q.
3, 5
Suppose -7*f + f + 276 = 0. List the prime factors of f.
2, 23
Let q be ((-2)/(-3) - 2)*-3. Let n = q + 0. Suppose -y - 13 = 3*i, -2*y - 16 = n*i - 0. What are the prime factors of y?
2
Let x = -102 - -69. What are the prime factors of (-194)/(-22) - 6/x?
3
Let m(c) = c**3 - 5*c**2 - 7*c + 5. Let q be m(6). Suppose -1 = -b - 0. Let z = b - q. What are the prime factors of z?
2
Let y(d) = 3 + 3*d - 4*d + 2*d. Let k be y(-3). List the prime factors of (-2)/(4/(-10) + k).
5
Let h be (-130)/8 + 18/(-24). Let k = h - -31. What are the prime factors of k?
2, 7
Suppose k + 30 = -2*k. Let g = -7 - k. List the prime factors of g.
3
Suppose 0 = 6*s - 0*s - 18. Suppose 6*f + 60 = 3*q + s*f, 3*q - 5*f = 64. What are the prime factors of q?
2, 3
Let c(m) = m**3 + 11*m**2 - 14*m - 14. Let s = -9 - 3. List the prime factors of c(s).
2, 5
Let r = 113 - -102. What are the prime factors of r?
5, 43
Let i be 3/(2 + 2 + -3). Suppose i*y - 3*b - 66 = 0, -17 + 5 = -4*b. What are the prime factors of y?
5
Let w(j) = 42*j - 1. Let c be w(1). Suppose 2*u = -c + 1. What are the prime factors of ((u - 0)/(-2))/2?
5
Let k = -11 + 18. What are the prime factors of k?
7
Let g(o) = o**3 - 6*o**2 - o + 6. Let m be g(6). Suppose 4*q - 51 - 13 = m. What are the prime factors of q?
2
List the prime factors of (-4 - 0)*(-21)/12.
7
Suppose 2*v + 5*i - 7 = -0*i, -3*v - 2*i + 16 = 0. Let q be (-2)/8*(-24)/v. List the prime factors of (q/(-2))/((-1)/16).
2
Let j = 5 + -4. What are the prime factors of (26/4)/(j/2)?
13
Suppose 382 = 6*z - 458. What are the prime factors of z?
2, 5, 7
Let z(n) be the first derivative of n**3/3 + 11*n - 1. List the prime factors of z(0).
11
Suppose 14 = 4*t + 4*q - 78, -3*t + 5*q = -77. What are the prime factors of t?
2, 3
Let r = -417 - -697. What are the prime factors of r?
2, 5, 7
Let q(z) = -z**2. Let s(i) = -13*i**2 + i + 2. Let l(y) = 4*q(y) - s(y). Let k be l(-2). Suppose 0 = -3*c - 0*c + k. List the prime factors of c.
2, 3
Let h(j) = j + 10. Let t = 2 + -10. Let q be h(t). Let w(f) = 2*f**3 - 4*f**2 + 3*f. What are the prime factors of w(q)?
2, 3
Let x(c) = -3*c**2. Let u be x(-1). Let g be (-20)/(-3) - (-2)/u. Suppose -g*d + 3*d = -2*w - 12, -d = -3*w - 4. List the prime factors of d.
2
Let k(p) = -p*